{"id":15832,"date":"2025-05-17T11:03:32","date_gmt":"2025-05-17T11:03:32","guid":{"rendered":"https:\/\/kayserifonksiyoneltipdiyetisyeni.com\/?page_id=15832"},"modified":"2025-05-17T11:51:12","modified_gmt":"2025-05-17T11:51:12","slug":"blog-2","status":"publish","type":"page","link":"https:\/\/kayserifonksiyoneltipdiyetisyeni.com\/index.php\/blog-2\/","title":{"rendered":"Blog"},"content":{"rendered":"\t\t<div data-elementor-type=\"wp-page\" data-elementor-id=\"15832\" class=\"elementor elementor-15832\">\n\t\t\t\t\t\t<section class=\"wd-negative-gap elementor-section elementor-top-section elementor-element elementor-element-5eb5ecba elementor-section-content-middle elementor-section-boxed elementor-section-height-default elementor-section-height-default\" data-id=\"5eb5ecba\" data-element_type=\"section\">\n\t\t\t\t\t\t<div class=\"elementor-container elementor-column-gap-wide\">\n\t\t\t\t\t<div class=\"elementor-column elementor-col-50 elementor-top-column elementor-element elementor-element-4cb9dc74\" data-id=\"4cb9dc74\" data-element_type=\"column\">\n\t\t\t<div class=\"elementor-widget-wrap elementor-element-populated\">\n\t\t\t\t\t\t<div class=\"elementor-element elementor-element-5c8429c0 elementor-widget elementor-widget-image\" data-id=\"5c8429c0\" data-element_type=\"widget\" data-widget_type=\"image.default\">\n\t\t\t\t<div class=\"elementor-widget-container\">\n\t\t\t\t\t\t\t\t\t\t\t\t\t\t\t<img decoding=\"async\" src=\"https:\/\/kayserifonksiyoneltipdiyetisyeni.com\/wp-content\/uploads\/elementor\/thumbs\/Adsiz-tasarim-95-r5xufe91aprn34k9eyl9hyprmf285p7dvairzniy3s.png\" title=\"Ads\u0131z tasar\u0131m (95)\" alt=\"Ads\u0131z tasar\u0131m (95)\" loading=\"lazy\" \/>\t\t\t\t\t\t\t\t\t\t\t\t\t\t\t<\/div>\n\t\t\t\t<\/div>\n\t\t\t\t\t<\/div>\n\t\t<\/div>\n\t\t\t\t<div class=\"elementor-column elementor-col-50 elementor-top-column elementor-element elementor-element-4a4c3b86\" data-id=\"4a4c3b86\" data-element_type=\"column\">\n\t\t\t<div class=\"elementor-widget-wrap elementor-element-populated\">\n\t\t\t\t\t\t<div class=\"elementor-element elementor-element-7c38cce3 wd-width-100 elementor-widget elementor-widget-wd_title\" data-id=\"7c38cce3\" data-element_type=\"widget\" data-widget_type=\"wd_title.default\">\n\t\t\t\t<div class=\"elementor-widget-container\">\n\t\t\t\t\t\t\t<div class=\"title-wrapper set-mb-s reset-last-child wd-title-color-default wd-title-style-default wd-title-size-default text-left\">\n\n\t\t\t\n\t\t\t<div class=\"liner-continer\">\n\t\t\t\t<h4 class=\"woodmart-title-container title wd-fontsize-l\">Otoimm\u00fcn Hastal\u0131klarda Fonksiyonel T\u0131p Yakla\u015f\u0131m\u0131yla Beslenme:<\/h4> \n\t\t\t\t\t\t\t<\/div>\n\n\t\t\t\t\t\t\t<div class=\"title-after_title set-cont-mb-s reset-last-child wd-fontsize-xs\">\n\t\t\t\t\t<p><span style=\"vertical-align: inherit\"><span style=\"vertical-align: inherit\">Otoimm\u00fcn hastal\u0131klar, ba\u011f\u0131\u015f\u0131kl\u0131k sisteminin kendi dokular\u0131na sald\u0131rmas\u0131yla ortaya \u00e7\u0131kan kronik ve sistemik rahats\u0131zl\u0131klar olarak adland\u0131r\u0131l\u0131r. Hashimoto tiroiditi, romatoid artrit, sistemik lupus, sedef hastal\u0131\u011f\u0131, multipl skleroz (MS), ankilozan spondilit (AS) gibi hastal\u0131klar otoimm\u00fcn hastal\u0131klar aras\u0131nda yer al\u0131r. Bu hastal\u0131klar\u0131n y\u00f6netiminde sadece medikal tedavi de\u011fil, ya\u015fam tarz\u0131 de\u011fi\u015fiklikleri ve fonksiyonel t\u0131p destekli beslenme b\u00fcy\u00fck rol oynamaktad\u0131r.<\/span><\/span><\/p>\t\t\t\t<\/div>\n\t\t\t\t\t<\/div>\n\t\t\t\t\t\t<\/div>\n\t\t\t\t<\/div>\n\t\t\t\t\t<\/div>\n\t\t<\/div>\n\t\t\t\t\t<\/div>\n\t\t<\/section>\n\t\t\t\t<section class=\"elementor-section elementor-top-section elementor-element elementor-element-16aac597 elementor-section-boxed elementor-section-height-default elementor-section-height-default\" data-id=\"16aac597\" data-element_type=\"section\">\n\t\t\t\t\t\t<div class=\"elementor-container elementor-column-gap-default\">\n\t\t\t\t\t<div class=\"elementor-column elementor-col-100 elementor-top-column elementor-element elementor-element-7c340f61\" data-id=\"7c340f61\" data-element_type=\"column\">\n\t\t\t<div class=\"elementor-widget-wrap elementor-element-populated\">\n\t\t\t\t\t\t<div class=\"elementor-element elementor-element-6f7e0fae elementor-hidden-tablet elementor-hidden-mobile elementor-widget elementor-widget-wd_text_block\" data-id=\"6f7e0fae\" data-element_type=\"widget\" data-widget_type=\"wd_text_block.default\">\n\t\t\t\t<div class=\"elementor-widget-container\">\n\t\t\t\t\t\t\t<div class=\"wd-text-block reset-last-child text-left\">\n\t\t\t\n\t\t\t\n\t\t\t\t\t<\/div>\n\t\t\t\t\t\t<\/div>\n\t\t\t\t<\/div>\n\t\t\t\t<div class=\"elementor-element elementor-element-6f94c393 elementor-widget elementor-widget-wd_text_block\" data-id=\"6f94c393\" data-element_type=\"widget\" data-widget_type=\"wd_text_block.default\">\n\t\t\t\t<div class=\"elementor-widget-container\">\n\t\t\t\t\t\t\t<div class=\"wd-text-block reset-last-child text-left\">\n\t\t\t\n\t\t\t\n\t\t\t\t\t<\/div>\n\t\t\t\t\t\t<\/div>\n\t\t\t\t<\/div>\n\t\t\t\t<div class=\"elementor-element elementor-element-52c523aa wd-width-100 elementor-widget elementor-widget-wd_title\" data-id=\"52c523aa\" data-element_type=\"widget\" data-widget_type=\"wd_title.default\">\n\t\t\t\t<div class=\"elementor-widget-container\">\n\t\t\t\t\t\t\t<div class=\"title-wrapper set-mb-s reset-last-child wd-title-color-default wd-title-style-default wd-title-size-extra-large text-left\">\n\n\t\t\t\n\t\t\t<div class=\"liner-continer\">\n\t\t\t\t<h4 class=\"woodmart-title-container title wd-fontsize-xxxl\">Fonksiyonel T\u0131p Nedir?<\/h4> \n\t\t\t\t\t\t\t<\/div>\n\n\t\t\t\t\t\t\t<div class=\"title-after_title set-cont-mb-s reset-last-child wd-fontsize-s\">\n\t\t\t\t\t<p><span style=\"vertical-align: inherit\"><span style=\"vertical-align: inherit\"><span style=\"vertical-align: inherit\"><span style=\"vertical-align: inherit\">Fonksiyonel t\u0131p yakla\u015f\u0131m\u0131 ile beslenme \u015fekli otoimm\u00fcn hastal\u0131klarda neden bu kadar \u00f6nemli?Fonksiyonel t\u0131p, hastal\u0131\u011f\u0131n k\u00f6k nedenini ara\u015ft\u0131rmay\u0131 hedefleyen b\u00fct\u00fcnc\u00fcl bir yakla\u015f\u0131md\u0131r. Hastal\u0131klar\u0131n semptomlar\u0131n\u0131 bask\u0131lamak yerine, altta yatan nedenleri tespit ederek yang\u0131lar\u0131, hastal\u0131klar\u0131 tedavi etmeyi ama\u00e7lar. Bu yakla\u015f\u0131mda genetik, \u00e7evresel fakt\u00f6rler, ya\u015fam tarz\u0131 ve beslenme birlikte de\u011ferlendirilir. Yaln\u0131zca tek bir fakt\u00f6re odaklan\u0131lmaz.<\/span><\/span><\/span><\/span><br \/><span style=\"vertical-align: inherit\"><span style=\"vertical-align: inherit\"><span style=\"vertical-align: inherit\"><span style=\"vertical-align: inherit\">Otoimm\u00fcn hastal\u0131klar\u0131n temelinde \u00e7o\u011fu zaman ba\u011f\u0131rsak ge\u00e7irgenli\u011fi (leaky gut), kronik inflamasyon, stres ve mikrobiyota dengesizli\u011fi yer al\u0131r. \u0130\u015fte bu noktada fonksiyonel beslenme devreye girer.<\/span><\/span><\/span><\/span><\/p>\t\t\t\t<\/div>\n\t\t\t\t\t<\/div>\n\t\t\t\t\t\t<\/div>\n\t\t\t\t<\/div>\n\t\t\t\t\t<\/div>\n\t\t<\/div>\n\t\t\t\t\t<\/div>\n\t\t<\/section>\n\t\t\t\t<section class=\"wd-negative-gap elementor-section elementor-top-section elementor-element elementor-element-3b08e1fa elementor-section-content-middle elementor-section-boxed elementor-section-height-default elementor-section-height-default\" data-id=\"3b08e1fa\" data-element_type=\"section\">\n\t\t\t\t\t\t<div class=\"elementor-container elementor-column-gap-wide\">\n\t\t\t\t\t<div class=\"elementor-column elementor-col-50 elementor-top-column elementor-element elementor-element-591cb6c8\" data-id=\"591cb6c8\" data-element_type=\"column\">\n\t\t\t<div class=\"elementor-widget-wrap elementor-element-populated\">\n\t\t\t\t\t\t<div class=\"elementor-element elementor-element-1bf67fe9 elementor-widget elementor-widget-image\" data-id=\"1bf67fe9\" data-element_type=\"widget\" data-widget_type=\"image.default\">\n\t\t\t\t<div class=\"elementor-widget-container\">\n\t\t\t\t\t\t\t\t\t\t\t\t\t\t\t<img decoding=\"async\" src=\"https:\/\/kayserifonksiyoneltipdiyetisyeni.com\/wp-content\/uploads\/elementor\/thumbs\/Adsiz-tasarim-96-r5xuq1r6r4cmo1377kd1r9xtzmjze7hvc0ovsjqbl4.png\" title=\"Ads\u0131z tasar\u0131m (96)\" alt=\"Ads\u0131z tasar\u0131m (96)\" loading=\"lazy\" \/>\t\t\t\t\t\t\t\t\t\t\t\t\t\t\t<\/div>\n\t\t\t\t<\/div>\n\t\t\t\t\t<\/div>\n\t\t<\/div>\n\t\t\t\t<div class=\"elementor-column elementor-col-50 elementor-top-column elementor-element elementor-element-3c0df9fe\" data-id=\"3c0df9fe\" data-element_type=\"column\">\n\t\t\t<div class=\"elementor-widget-wrap elementor-element-populated\">\n\t\t\t\t\t\t<div class=\"elementor-element elementor-element-23c38588 wd-width-100 elementor-widget elementor-widget-wd_title\" data-id=\"23c38588\" data-element_type=\"widget\" data-widget_type=\"wd_title.default\">\n\t\t\t\t<div class=\"elementor-widget-container\">\n\t\t\t\t\t\t\t<div class=\"title-wrapper set-mb-s reset-last-child wd-title-color-default wd-title-style-default wd-title-size-default text-left\">\n\n\t\t\t\n\t\t\t<div class=\"liner-continer\">\n\t\t\t\t<h4 class=\"woodmart-title-container title wd-fontsize-l\">Otoimm\u00fcn Hastal\u0131klarda Beslenmenin Rol\u00fc:<\/h4> \n\t\t\t\t\t\t\t<\/div>\n\n\t\t\t\t\t\t\t<div class=\"title-after_title set-cont-mb-s reset-last-child wd-fontsize-xs\">\n\t\t\t\t\t<p>Otoimm\u00fcn hastal\u0131klar inflamasyonla do\u011frudan ili\u015fkili olarak bulunmu\u015ftur. Bu nedenle inflamasyonu azaltacak, ba\u011f\u0131\u015f\u0131kl\u0131k sistemini dengeleyecek ve ba\u011f\u0131rsak sa\u011fl\u0131\u011f\u0131n\u0131 destekleyecek bir beslenme plan\u0131 kritik \u00f6neme sahiptir.<\/p>\t\t\t\t<\/div>\n\t\t\t\t\t<\/div>\n\t\t\t\t\t\t<\/div>\n\t\t\t\t<\/div>\n\t\t\t\t<section class=\"wd-negative-gap elementor-section elementor-inner-section elementor-element elementor-element-ace8023 elementor-section-boxed elementor-section-height-default elementor-section-height-default\" data-id=\"ace8023\" data-element_type=\"section\">\n\t\t\t\t\t\t<div class=\"elementor-container elementor-column-gap-default\">\n\t\t\t\t\t<div class=\"elementor-column elementor-col-50 elementor-inner-column elementor-element elementor-element-323a63e1\" data-id=\"323a63e1\" data-element_type=\"column\">\n\t\t\t<div class=\"elementor-widget-wrap elementor-element-populated\">\n\t\t\t\t\t\t<div class=\"elementor-element elementor-element-15fba785 color-scheme-inherit text-left elementor-widget elementor-widget-text-editor\" data-id=\"15fba785\" data-element_type=\"widget\" data-widget_type=\"text-editor.default\">\n\t\t\t\t<div class=\"elementor-widget-container\">\n\t\t\t\t\t\t\t\t\t<p><strong><span class=\"color-primary\"><span style=\"vertical-align: inherit;\"><span style=\"vertical-align: inherit;\">1.<\/span><\/span><\/span><\/strong><span style=\"vertical-align: inherit;\"><span style=\"vertical-align: inherit;\"> Ba\u011f\u0131rsak Sa\u011fl\u0131\u011f\u0131 \u00d6nceliklidir.<\/span><\/span><\/p>\t\t\t\t\t\t\t\t<\/div>\n\t\t\t\t<\/div>\n\t\t\t\t<div class=\"elementor-element elementor-element-23ed5dbb color-scheme-inherit text-left elementor-widget elementor-widget-text-editor\" data-id=\"23ed5dbb\" data-element_type=\"widget\" data-widget_type=\"text-editor.default\">\n\t\t\t\t<div class=\"elementor-widget-container\">\n\t\t\t\t\t\t\t\t\t<p>Fonksiyonel t\u0131pta ba\u011f\u0131rsak, \u201cikinci beyin\u201d olarak kabul edilir. \u00c7\u00fcnk\u00fc ba\u011f\u0131\u015f\u0131kl\u0131k h\u00fccrelerinin b\u00fcy\u00fck k\u0131sm\u0131 ba\u011f\u0131rsakta bulunur. Ba\u011f\u0131rsak floras\u0131n\u0131 destekleyen besinler otoimm\u00fcn hastal\u0131klar\u0131n y\u00f6netiminde olduk\u00e7a etkilidir.<\/p><ul><li>\u00a0Prebiyotikler: So\u011fan, sar\u0131msak, yer elmas\u0131, ku\u015fkonmaz.<\/li><li>\u00a0Probiyotikler: Ev yap\u0131m\u0131 yo\u011furt, kefir, fermente tur\u015fular.<\/li><li>\u00a0L-glutamin ve \u00e7inko gibi takviyeler ba\u011f\u0131rsak onar\u0131m\u0131nda destekleyicidir.<\/li><\/ul>\t\t\t\t\t\t\t\t<\/div>\n\t\t\t\t<\/div>\n\t\t\t\t\t<\/div>\n\t\t<\/div>\n\t\t\t\t<div class=\"elementor-column elementor-col-50 elementor-inner-column elementor-element elementor-element-40295f2e\" data-id=\"40295f2e\" data-element_type=\"column\">\n\t\t\t<div class=\"elementor-widget-wrap elementor-element-populated\">\n\t\t\t\t\t\t<div class=\"elementor-element elementor-element-5b98fce0 color-scheme-inherit text-left elementor-widget elementor-widget-text-editor\" data-id=\"5b98fce0\" data-element_type=\"widget\" data-widget_type=\"text-editor.default\">\n\t\t\t\t<div class=\"elementor-widget-container\">\n\t\t\t\t\t\t\t\t\t<p><strong><span class=\"color-primary\"><span style=\"vertical-align: inherit;\"><span style=\"vertical-align: inherit;\">2. <\/span><\/span><\/span><\/strong><span class=\"color-primary\"><span style=\"vertical-align: inherit;\"><span style=\"vertical-align: inherit;\">\u0130nflamatuvar G\u0131dalardan Uzak Durulmal\u0131.<\/span><\/span><\/span><\/p>\t\t\t\t\t\t\t\t<\/div>\n\t\t\t\t<\/div>\n\t\t\t\t<div class=\"elementor-element elementor-element-77edc73 color-scheme-inherit text-left elementor-widget elementor-widget-text-editor\" data-id=\"77edc73\" data-element_type=\"widget\" data-widget_type=\"text-editor.default\">\n\t\t\t\t<div class=\"elementor-widget-container\">\n\t\t\t\t\t\t\t\t\t<p>Baz\u0131 besinler ba\u011f\u0131\u015f\u0131kl\u0131k sistemini tetikleyerek inflamasyonu art\u0131rabilir. \u00d6zellikle:<\/p><ul><li>\u00a0Rafine \u015feker<\/li><li>Gluten<\/li><li>S\u00fct ve s\u00fct \u00fcr\u00fcnleri<\/li><li>\u00a0\u0130\u015flenmi\u015f g\u0131dalar<\/li><li>Alkol<\/li><\/ul><p>Bu g\u0131dalar otoimm\u00fcn hastal\u0131klar\u0131 tetikleyebilir. \u00d6zellikle gluten hassasiyeti olan bireylerde gluten eliminasyonu hastal\u0131kla sava\u015fmada b\u00fcy\u00fck fark yaratabilir.<\/p>\t\t\t\t\t\t\t\t<\/div>\n\t\t\t\t<\/div>\n\t\t\t\t\t<\/div>\n\t\t<\/div>\n\t\t\t\t\t<\/div>\n\t\t<\/section>\n\t\t\t\t<section class=\"wd-negative-gap elementor-section elementor-inner-section elementor-element elementor-element-14124ae1 elementor-section-boxed elementor-section-height-default elementor-section-height-default\" data-id=\"14124ae1\" data-element_type=\"section\">\n\t\t\t\t\t\t<div class=\"elementor-container elementor-column-gap-default\">\n\t\t\t\t\t<div class=\"elementor-column elementor-col-50 elementor-inner-column elementor-element elementor-element-6614a5c5\" data-id=\"6614a5c5\" data-element_type=\"column\">\n\t\t\t<div class=\"elementor-widget-wrap elementor-element-populated\">\n\t\t\t\t\t\t<div class=\"elementor-element elementor-element-1d0fe580 color-scheme-inherit text-left elementor-widget elementor-widget-text-editor\" data-id=\"1d0fe580\" data-element_type=\"widget\" data-widget_type=\"text-editor.default\">\n\t\t\t\t<div class=\"elementor-widget-container\">\n\t\t\t\t\t\t\t\t\t<p><strong><span class=\"color-primary\"><span style=\"vertical-align: inherit;\"><span style=\"vertical-align: inherit;\">3.<\/span><\/span><\/span><\/strong><span style=\"vertical-align: inherit;\"><span style=\"vertical-align: inherit;\"> Beslenme Anti-inflamatuvar Olmal\u0131.<\/span><\/span><\/p>\t\t\t\t\t\t\t\t<\/div>\n\t\t\t\t<\/div>\n\t\t\t\t<div class=\"elementor-element elementor-element-2fadc197 color-scheme-inherit text-left elementor-widget elementor-widget-text-editor\" data-id=\"2fadc197\" data-element_type=\"widget\" data-widget_type=\"text-editor.default\">\n\t\t\t\t<div class=\"elementor-widget-container\">\n\t\t\t\t\t\t\t\t\t<p>Anti-inflamatuvar g\u0131dalar hem ba\u011f\u0131\u015f\u0131kl\u0131k sistemini destekler hem de semptomlar\u0131 hafifletir.<\/p><ul><li>Omega-3 ya\u011f asitleri: Ceviz, keten tohumu, chia tohumu, somon<\/li><li>Zerde\u00e7al (kurkumin), zencefil: G\u00fc\u00e7l\u00fc anti-inflamatuvar etkiler<\/li><li>Ye\u015fil yaprakl\u0131 sebzeler ve renkli meyve-sebzeler: Antioksidan kayna\u011f\u0131<\/li><li>So\u011fuk s\u0131k\u0131m zeytinya\u011f\u0131: Sa\u011fl\u0131kl\u0131 ya\u011f asitleri i\u00e7erir<\/li><\/ul>\t\t\t\t\t\t\t\t<\/div>\n\t\t\t\t<\/div>\n\t\t\t\t\t<\/div>\n\t\t<\/div>\n\t\t\t\t<div class=\"elementor-column elementor-col-50 elementor-inner-column elementor-element elementor-element-4a416fe5\" data-id=\"4a416fe5\" data-element_type=\"column\">\n\t\t\t<div class=\"elementor-widget-wrap elementor-element-populated\">\n\t\t\t\t\t\t<div class=\"elementor-element elementor-element-356365a7 color-scheme-inherit text-left elementor-widget elementor-widget-text-editor\" data-id=\"356365a7\" data-element_type=\"widget\" data-widget_type=\"text-editor.default\">\n\t\t\t\t<div class=\"elementor-widget-container\">\n\t\t\t\t\t\t\t\t\t<p><strong><span class=\"color-primary\"><span style=\"vertical-align: inherit;\"><span style=\"vertical-align: inherit;\">4.<\/span><\/span><\/span><\/strong><span style=\"vertical-align: inherit;\"><span style=\"vertical-align: inherit;\"> G\u0131da Duyarl\u0131l\u0131klar\u0131 Test Edilmeli.<\/span><\/span><\/p>\t\t\t\t\t\t\t\t<\/div>\n\t\t\t\t<\/div>\n\t\t\t\t<div class=\"elementor-element elementor-element-125867e2 color-scheme-inherit text-left elementor-widget elementor-widget-text-editor\" data-id=\"125867e2\" data-element_type=\"widget\" data-widget_type=\"text-editor.default\">\n\t\t\t\t<div class=\"elementor-widget-container\">\n\t\t\t\t\t\t\t\t\t<p>Her birey \u00f6zeldir. Fonksiyonel t\u0131pta, g\u0131da duyarl\u0131l\u0131klar\u0131 test edilerek ki\u015fiye \u00f6zel bir eliminasyon diyeti uygulanabilir. \u00d6rne\u011fin baz\u0131 ki\u015filer i\u00e7in yumurta veya domates gibi \u201csa\u011fl\u0131kl\u0131\u201d kabul edilen g\u0131dalar bile ba\u011f\u0131\u015f\u0131kl\u0131k sistemini tetikleyebilir.<\/p>\t\t\t\t\t\t\t\t<\/div>\n\t\t\t\t<\/div>\n\t\t\t\t\t<\/div>\n\t\t<\/div>\n\t\t\t\t\t<\/div>\n\t\t<\/section>\n\t\t\t\t\t<\/div>\n\t\t<\/div>\n\t\t\t\t\t<\/div>\n\t\t<\/section>\n\t\t\t\t<section class=\"wd-negative-gap elementor-section elementor-top-section elementor-element elementor-element-2437df49 elementor-section-content-middle elementor-section-boxed elementor-section-height-default elementor-section-height-default\" data-id=\"2437df49\" data-element_type=\"section\">\n\t\t\t\t\t\t<div class=\"elementor-container elementor-column-gap-wide\">\n\t\t\t\t\t<div class=\"elementor-column elementor-col-50 elementor-top-column elementor-element elementor-element-3d817f37\" data-id=\"3d817f37\" data-element_type=\"column\">\n\t\t\t<div class=\"elementor-widget-wrap elementor-element-populated\">\n\t\t\t\t\t\t<div class=\"elementor-element elementor-element-17e36b3f elementor-widget elementor-widget-image\" data-id=\"17e36b3f\" data-element_type=\"widget\" data-widget_type=\"image.default\">\n\t\t\t\t<div class=\"elementor-widget-container\">\n\t\t\t\t\t\t\t\t\t\t\t\t\t\t\t<img decoding=\"async\" src=\"https:\/\/kayserifonksiyoneltipdiyetisyeni.com\/wp-content\/uploads\/elementor\/thumbs\/Adsiz-tasarim-97-r5xvuq7qj01d4hzzo5dso0dzhy1uimzo9d3dhneyaw.png\" title=\"Ads\u0131z tasar\u0131m (97)\" alt=\"Ads\u0131z tasar\u0131m (97)\" loading=\"lazy\" \/>\t\t\t\t\t\t\t\t\t\t\t\t\t\t\t<\/div>\n\t\t\t\t<\/div>\n\t\t\t\t\t<\/div>\n\t\t<\/div>\n\t\t\t\t<div class=\"elementor-column elementor-col-50 elementor-top-column elementor-element elementor-element-5f34a456\" data-id=\"5f34a456\" data-element_type=\"column\">\n\t\t\t<div class=\"elementor-widget-wrap elementor-element-populated\">\n\t\t\t\t\t\t<div class=\"elementor-element elementor-element-1616dd62 wd-width-100 elementor-widget elementor-widget-wd_title\" data-id=\"1616dd62\" data-element_type=\"widget\" data-widget_type=\"wd_title.default\">\n\t\t\t\t<div class=\"elementor-widget-container\">\n\t\t\t\t\t\t\t<div class=\"title-wrapper set-mb-s reset-last-child wd-title-color-default wd-title-style-default wd-title-size-default text-left\">\n\n\t\t\t\n\t\t\t<div class=\"liner-continer\">\n\t\t\t\t<h4 class=\"woodmart-title-container title wd-fontsize-l\">Otoimm\u00fcn Hastal\u0131klarla Ya\u015famda Fonksiyonel Beslenmenin G\u00fcc\u00fc:<\/h4> \n\t\t\t\t\t\t\t<\/div>\n\n\t\t\t\t\t\t\t<div class=\"title-after_title set-cont-mb-s reset-last-child wd-fontsize-xs\">\n\t\t\t\t\t<p>Otoimm\u00fcn hastal\u0131klar kronik seyirlidir, ancak do\u011fru bir yakla\u015f\u0131mla ya\u015fam kalitesi \u00f6nemli \u00f6l\u00e7\u00fcde art\u0131r\u0131labilir. Fonksiyonel t\u0131p destekli beslenme, sadece semptomlar\u0131 de\u011fil, ba\u011f\u0131\u015f\u0131kl\u0131k sisteminin dengelenmesini hedef al\u0131r. Bu yakla\u015f\u0131m, klasik t\u0131p tedavilerine destekleyici olarak uyguland\u0131\u011f\u0131nda \u00e7ok daha etkili sonu\u00e7lar verir.<\/p><p><br \/>Sizler de ya\u015fam kalitenizi art\u0131rmak, kronik hastal\u0131klar\u0131n\u0131zla sava\u015fmak yerine v\u00fccudunuzu onarmak ad\u0131na beslenme dan\u0131\u015fmanl\u0131\u011f\u0131 i\u00e7in bizlerle ileti\u015fime ge\u00e7ebilirsiniz.<\/p>\t\t\t\t<\/div>\n\t\t\t\t\t<\/div>\n\t\t\t\t\t\t<\/div>\n\t\t\t\t<\/div>\n\t\t\t\t\t<\/div>\n\t\t<\/div>\n\t\t\t\t\t<\/div>\n\t\t<\/section>\n\t\t\t\t<\/div>\n\t\t","protected":false},"excerpt":{"rendered":"<p>Otoimm\u00fcn Hastal\u0131klarda Fonksiyonel T\u0131p Yakla\u015f\u0131m\u0131yla Beslenme: Otoimm\u00fcn hastal\u0131klar, ba\u011f\u0131\u015f\u0131kl\u0131k sisteminin kendi dokular\u0131na sald\u0131rmas\u0131yla ortaya \u00e7\u0131kan kronik ve sistemik rahats\u0131zl\u0131klar olarak<\/p>\n","protected":false},"author":1,"featured_media":0,"parent":0,"menu_order":0,"comment_status":"closed","ping_status":"closed","template":"","meta":{"footnotes":""},"class_list":["post-15832","page","type-page","status-publish","hentry"],"_links":{"self":[{"href":"https:\/\/kayserifonksiyoneltipdiyetisyeni.com\/index.php\/wp-json\/wp\/v2\/pages\/15832","targetHints":{"allow":["GET"]}}],"collection":[{"href":"https:\/\/kayserifonksiyoneltipdiyetisyeni.com\/index.php\/wp-json\/wp\/v2\/pages"}],"about":[{"href":"https:\/\/kayserifonksiyoneltipdiyetisyeni.com\/index.php\/wp-json\/wp\/v2\/types\/page"}],"author":[{"embeddable":true,"href":"https:\/\/kayserifonksiyoneltipdiyetisyeni.com\/index.php\/wp-json\/wp\/v2\/users\/1"}],"replies":[{"embeddable":true,"href":"https:\/\/kayserifonksiyoneltipdiyetisyeni.com\/index.php\/wp-json\/wp\/v2\/comments?post=15832"}],"version-history":[{"count":4,"href":"https:\/\/kayserifonksiyoneltipdiyetisyeni.com\/index.php\/wp-json\/wp\/v2\/pages\/15832\/revisions"}],"predecessor-version":[{"id":15841,"href":"https:\/\/kayserifonksiyoneltipdiyetisyeni.com\/index.php\/wp-json\/wp\/v2\/pages\/15832\/revisions\/15841"}],"wp:attachment":[{"href":"https:\/\/kayserifonksiyoneltipdiyetisyeni.com\/index.php\/wp-json\/wp\/v2\/media?parent=15832"}],"curies":[{"name":"wp","href":"https:\/\/api.w.org\/{rel}","templated":true}]}}